*c, 4*j - 7*j - 1207 = -5*c. What is the tens digit of c?
4
Suppose -20*l - 282950 = -5*k - 15*l, -4*k = 7*l - 226448. What is the tens digit of k?
9
Suppose 2*p - 17 = -9. Let a be -1 - (3 - p)*3. Suppose 2*b + a*y - 63 = 73, 0 = -b + 2*y + 56. What is the tens digit of b?
6
Suppose 4*p - 787 = -k, -170 - 609 = -k + 4*p. Suppose -a + g + 242 + 19 = 0, -k = -3*a - 5*g. What is the hundreds digit of a?
2
Let c(w) = 27*w**3 - 2*w**2 + 1. Let q be c(-1). Let g = q - -135. Suppose 0 = -3*k + l + 3*l + g, -3*k - 4*l = -139. What is the tens digit of k?
4
Let m = 5060 - 5032. What is the units digit of m?
8
Let l(c) = -39*c + 420. What is the hundreds digit of l(-79)?
5
Suppose -6*r + 702 = 12*r. Suppose 6030 = r*g - 24*g. What is the units digit of g?
2
Let f(a) = a**3 - 20*a**2 + 19*a + 15. Let l be f(19). Suppose -l*v + 6*v = -1044. What is the hundreds digit of v?
1
Let u(y) = -97*y - 245. Let x(q) = -q**2 - 27*q - 131. Let w be x(-21). What is the tens digit of u(w)?
4
Suppose 164*z = 779258 + 2657837 - 235323. What is the thousands digit of z?
9
Let z(l) = 15*l**2 - 5*l - 91. Let q be z(-7). Let j = 525 + q. What is the thousands digit of j?
1
Let g = -1168 - 659. Let r = -737 - g. What is the thousands digit of r?
1
Let d(s) = -15*s**3 - 22*s**2 + 13*s + 1. What is the units digit of d(-8)?
9
Suppose -2*n = -3*b + 669, 133 = 2*b - 4*n - 321. Suppose -5*u + 2*j + b = -j, j = 4*u - 174. Suppose -u = -k + 25. What is the units digit of k?
8
Suppose -5*o - 4*i + 7*i = -255, -4*o + 182 = 2*i. What is the tens digit of 556 - (o/(-8) + 1)?
6
Let q = 35633 - 22411. What is the hundreds digit of q?
2
Suppose 136*s - 35 = 129*s. Suppose 0 = b - 16*m + 12*m - 460, 5*b + s*m = 2325. What is the hundreds digit of b?
4
What is the tens digit of (-288)/(-360) + 14016/5?
0
Let m = 158 + -241. Let n be 6/8 + 1169/(-28). Let o = n - m. What is the tens digit of o?
4
Let k = -3581 + 4505. What is the tens digit of k?
2
Suppose 0 = -5*j - 289975 + 96820. Let x = -13847 - j. What is the hundreds digit of (x/52)/4 + (-2)/13?
1
Suppose -4*q + 3*q - 12 = 0. Let d be (q/15)/((-3)/(45/(-6))). What is the units digit of 3 + (-2 - 0 - d)/1?
3
Let z = 35099 + 13968. What is the thousands digit of z?
9
Let d be 8060/39*3*-1. Let y = d + 1582. What is the tens digit of y?
6
Suppose 4 = -3*m + 5*a, m - a = a - 3. Suppose -s - m = 14. Let n = 44 + s. What is the tens digit of n?
2
What is the units digit of 8 + (-6 - 60/(-12)) + 55615?
2
Let w(s) = -43*s - 17. Let d be ((-11)/((-231)/(-28)))/((-2)/(-9)). What is the tens digit of w(d)?
4
Suppose 0 = 5*r - 166 + 676. Let s = 231 + r. What is the units digit of s?
9
Suppose -34*b = -32*b + 4*w - 4314, 4 = -4*w. What is the units digit of (-39)/(-117) - (1 + b/(-3))?
9
Let i(u) = 2*u - 26. Let l be i(16). Suppose -l*c + c = -s - 25, 0 = 5*s + 2*c - 10. What is the tens digit of s - 4 - (-53 - -21)?
2
Let p(o) = -99*o + 197*o - 101*o + 22. Suppose -4*a + 42 = 14. What is the units digit of p(a)?
1
Suppose 5*r = 4*s - 53256, 34*r - 36*r - 26632 = -2*s. What is the units digit of s?
4
Suppose 0*n - 5*n + 11 = a, -3*n - 3 = -a. Let b(l) = 2 - l**3 - 4*l**3 + 28*l + 4*l**3 - a*l**2 - 35*l. What is the units digit of b(-5)?
2
Suppose 0*c - 10*m + 56004 = 4*c, -c = -m - 13994. What is the ten thousands digit of c?
1
Let g be ((-30)/100 + 1/(-5))*-26. Suppose g*l + 10*l - 6555 = 0. What is the hundreds digit of l?
2
Let z be -11 - 254 - (0 + 0). Suppose 2*q - g + 342 = 0, -q - 4*g = -4*q - 508. Let m = q - z. What is the tens digit of m?
9
Suppose -20791*y + 20785*y + 227490 = 0. What is the tens digit of y?
1
Let l(p) = p**2 + 10*p + 9. Let a = 53 + -62. Let v be l(a). What is the tens digit of (1 + 0)/1 + (v - -34)?
3
Suppose 3*j - 1791 = -3*q, -j = -3*j + 2*q + 1190. Suppose -j = -9*u + 3310. What is the hundreds digit of u?
4
What is the units digit of (-20396)/8*(-1)/((-2)/(-4))?
9
Let p(h) = -h**3 + 12*h**2 + 17*h - 14. Let k be p(13). Suppose -k + 18 = 5*q. What is the tens digit of (-3)/(q - 290/(-74))?
3
Let y(j) = -2*j**3 - 59*j**2 - 109*j - 171. What is the tens digit of y(-33)?
4
Let y(a) = -1062*a**3 - 4*a**2 - 3*a + 1. Let j be y(-2). Suppose 33*m - 24*m = j. What is the hundreds digit of m?
9
Suppose 13*f - 11061 - 28823 = 0. What is the hundreds digit of f?
0
What is the thousands digit of 44901/(-18)*(-4)/3?
3
Suppose 33*m = 29*m + 30276. What is the units digit of m?
9
Suppose 0*k = -5*k + 2*h + 10228, 10233 = 5*k + 3*h. Suppose k = 3*a + c - 1403, 4*c + 1167 = a. What is the units digit of a?
1
Let o = -979 - 1242. Let f = o + 3264. What is the thousands digit of f?
1
Suppose -6750 = -2*a - 5*s + 14825, 5*a - 2*s - 54010 = 0. What is the thousands digit of a?
0
Let h be (-1 + 4)/(6/(-292)). Let j be (-1)/(-2)*((-20592)/3)/11. Let f = h - j. What is the units digit of f?
6
Suppose -28984 = -24*x + 4616. What is the thousands digit of x?
1
Let a(q) = 2*q**3 - 9*q**2 + 11*q + 7. Let x(p) = p**3 + 7*p**2 - 9*p - 2. Let f be x(-8). Let b be a(f). What is the tens digit of (b + -3)*(-2 - -3)?
7
Let g(v) = -11*v**2 + 20*v - 35. Let i(t) = 65 - 30*t + 16*t**2 + 0*t**2 - 38 + 25. Let n(z) = -8*g(z) - 5*i(z). What is the units digit of n(5)?
0
Let l(q) be the third derivative of -q**6/40 - q**5/20 - q**4/6 - q**3/3 - 7*q**2. Let c be l(-2). Suppose 0 = -u + 25 - c. What is the units digit of u?
7
Let t be (-1 + 4)*(-5 - 40/(-6)). Suppose -t*c = -25, -l - 3*l + 2591 = -c. What is the units digit of l?
9
Suppose 0 = 1054*a - 1045*a - 117711. What is the tens digit of a?
7
Suppose 0 = -21*i + 693 + 756. Suppose -5*w + y - i = -417, 3*y - 336 = -5*w. What is the tens digit of w?
6
Suppose 4*h - 5*p - 8237 = 0, -256*p - 6179 = -3*h - 252*p. What is the hundreds digit of h?
0
Suppose -x - 43057 = -2*p - 3325, 3*p - 59599 = 2*x. What is the hundreds digit of p?
8
Let m be 36/162 + 43/9. Suppose -2*p + 1608 = -m*r, 20*r = 15*r + 20. What is the tens digit of p?
1
Let z(h) = 57 + 10*h + h**3 + 15*h + 13*h**2 - 41*h**2. Let u be z(27). Suppose 0*y = u*t + 5*y - 234, -4*t + 5*y = -347. What is the units digit of t?
3
Let a(l) = 2*l**2 + 21*l + 16. What is the units digit of a(11)?
9
Let q(c) = 169*c - 334*c - 6 + 165*c + 17*c**2. What is the tens digit of q(-6)?
0
Let b(i) = -i**2 - 10*i + 61. Let p be b(4). Suppose -2*x + 2778 = -5*o, -p*o + 15 = 5. What is the units digit of x?
4
Let r(k) = -k**3 - 12*k**2 + 12*k + 8. Let b(s) = s**3 + 2*s**2 + 3*s - 48. Let z be b(0). Let a = 35 + z. What is the tens digit of r(a)?
2
Let p(k) = 16*k**2 + 177*k - 77. What is the units digit of p(-27)?
8
Suppose -576 = 2*l - 14*l. Let f(y) = 13*y - 342. What is the units digit of f(l)?
2
What is the hundreds digit of ((4020/(-25))/(-6))/(297/(-75) - -4)?
6
Let h = 38741 - 27495. What is the ten thousands digit of h?
1
Let d be 3/((-18)/3)*(-659 + 1). Suppose d = -5*n + 1264. What is the tens digit of n?
8
Let o be 22/(-33) - 2218/3. Let w = o + 1787. What is the thousands digit of w?
1
Let h = 819 - 478. Suppose -a = -k - 84, 4*a = 2*k + 3*k + h. Suppose -7*c + 226 = a. What is the units digit of c?
1
Let f(c) = 2*c**2 + 15*c - 24. Let s(o) = o**2 + 14*o - 23. Let b(x) = 2*f(x) - 3*s(x). Let j be b(5). What is the hundreds digit of (-3002)/j + (-3)/7?
2
Let z(h) = 6*h**2 + 2*h. Let f(y) = 18*y**2 + 5*y. Let q(j) = 2*f(j) - 7*z(j). Let b be q(6). What is the hundreds digit of b/18*(-12 + 0)?
1
Let u = 50 - 15. Let x = -31 + u. What is the tens digit of (x - (-60)/(-8))*(-25 - 1)?
9
Suppose 20*j - 120 = -10*j. Suppose -4*n = -j*g - 3224, 2913 + 1113 = 5*n - g. What is the tens digit of n?
0
Let v(n) be the first derivative of n**3/3 + 21*n**2/2 - 76*n - 70. What is the units digit of v(-25)?
4
Suppose 0 = 4*o + 44531 - 274491. What is the ten thousands digit of o?
5
Suppose -3*i - 28 = i. Let v = 10 + i. Suppose 16 + 17 = v*a - 5*d, -5*a - d = -27. What is the units digit of a?
6
Let n = -192 + 3255. What is the hundreds digit of n?
0
Let g = -23 + 17. Let k(n) = n**3 + 7*n**2 + 6*n + 6. Let d be k(g). Suppose -d*v + 204 = -174. What is the units digit of v?
3
What is the hundreds digit of (-208436)/(-12) + (-150)/90?
3
Let n(p) = 13*p**3 + 23*p**2 - 139*p - 73. What is the hundreds digit of n(8)?
9
Let v = 575 - 572. Suppose 5*u - 2718 = -2*b, -2*b 